
3
Let i be (-26)/(-8) + ((-9)/12)/3. Let q(s) = 2*s**2 - 6*s + 6. Determine q(i).
6
Let a(l) = -4*l**2 + 2*l + 2. Let i(x) = 5*x**2 - 3*x - 3. Let u(z) = 4*a(z) + 3*i(z). Let y(m) = -5*m**2 - 6*m - 4. Let n(c) = -4*u(c) + y(c). What is n(-4)?
-8
Let a(o) = -22*o**2 - o + 12*o**2 + 11*o**2 + 3. Let x(f) = 2*f**2 - f + 6. Let y(d) = -7*a(d) + 4*x(d). Let k = -2 + -2. Calculate y(k).
7
Let a be 2/27 + 7640/(-1080). Let o(n) = -n + 1. What is o(a)?
8
Suppose 6*v = 2*v - 4. Let n(j) = -j**3 - j**2. Give n(v).
0
Let c(z) = 0 - z**3 + 2*z**2 + 5 - 4 - 3*z**2. Let d be (4/(-8))/((-1)/(-2)). Let s be (-3)/(d/((-8)/12)). Calculate c(s).
5
Suppose 3*g = 5*q + 43, -3*q + 3 - 18 = 0. Let x be 0 + 1 - (-11 + 7). Let y(k) = 0*k - g - k - 2*k + x*k. Determine y(5).
4
Suppose -6 = -q + 20. Let m = -24 + q. Let k(v) = -7*v + 5 - 3 + 3 + 2 + v**m. Give k(6).
1
Let n(i) = i**3 - 6*i**2 + i - 5. Let r(f) = -15*f - 24. Let v be r(-2). Calculate n(v).
1
Let a(p) be the third derivative of p**4/24 + 25*p**3/6 + 7*p**2 + 6. What is a(0)?
25
Let u be -1*-3*(-10)/(-15). Let d(j) = -u*j + 4 - 2*j + 4 - 9. Give d(1).
-5
Suppose 5*i = 11 + 4. Let p(u) be the first derivative of u**2 + 3*u - 393. Calculate p(i).
9
Let s(r) = -2 - 4472*r**3 + 2235*r**3 + 2238*r**3 - r. Calculate s(0).
-2
Let k(p) = -42*p**3 - 1. Let s = -225 - -224. Calculate k(s).
41
Let q = -177 + 178. Let t be (-2)/(-5) + 78/30. Let s(y) = t*y - 2*y + 6*y**3 - y**3. Calculate s(q).
6
Let v(u) = -9*u. Let j(a) = a**3 + 7*a**2 + 11*a - 5. Let o be j(-4). Let x(k) = -k + 1. Let s(g) = o*v(g) + 6*x(g). Calculate s(-5).
-9
Let b(k) = -57*k + 105. Let n(t) = -16*t + 30. Let z(u) = -5*b(u) + 18*n(u). Calculate z(8).
-9
Let z(b) = -b**2 - 5*b + 1. Let p be 27*4/24*2. Let h = p - 4. Suppose -4*x + h*x + 5 = 0. Determine z(x).
1
Suppose -3*r = r + 5*z + 21, 0 = -5*r + z + 10. Let c(k) = 6*k**2 - 2*k + 1. What is c(r)?
5
Suppose -4*y + 6 = 2*j, -1 = 3*j - 16. Let b(k) = -k + 2. Let x be b(-6). Let w(r) = -2*r + x*r**3 + r + 2*r. Determine w(y).
-9
Let p be (-25)/(1500/24) + 2/5. Let s(j) be the second derivative of 5/12*j**4 + 8*j + p + 4*j**2 + 2/3*j**3 - 1/20*j**5. What is s(6)?
-4
Let m = 25 - 22. Suppose -m*s = 2*c + 26, 4*s - 18 = 5*s + 3*c. Let a(d) = d**2 + 5*d + 4. Give a(s).
10
Let b(q) = 3*q - 13. Let t(k) = -2*k**3 - 16*k**2 - 15*k + 5. Let c be t(-7). Give b(c).
23
Let z = -452 - -446. Let m(b) = b**2 + 6*b + 7. Determine m(z).
7
Let c(t) = -t**3 - 4*t**2 + 2. Let m(n) = 26 - 3*n**3 + n**2 - 3*n**2 + 4*n**3 - 38. Let h be m(3). Determine c(h).
-7
Let y be -36*((-24)/(-56) + (-10)/105). Let o(d) = -d**2 - 17*d - 13. Calculate o(y).
47
Let s be (352/20 - -2) + 6/(-10). Suppose 28*x = s*x + 18. Let r(q) = q**3 - 2*q**2 + 2. Calculate r(x).
2
Let t(i) = -i**2 + 8*i + 14. Let m be ((-6)/4)/((-27)/180). Determine t(m).
-6
Let r = 6 - 2. Let v(a) be the third derivative of -1/3*a**3 - 1/12*a**5 + 5*a**2 + 1/8*a**4 + 1/120*a**6 + 0*a + 0. What is v(r)?
-6
Let v(m) = 3*m**2 + m. Let z(g) = g**2 - 6*g - 15. Let u be z(8). Suppose 5 = -5*s, -2*i + 5*s = -2 - u. Give v(i).
2
Let y(p) = p**3 + 3*p**2 - 2*p - 13. Let c(l) = -l**3 - l**2 + 12. Let h(i) = -5*c(i) - 4*y(i). Determine h(6).
4
Let b be 4 + 17/((-272)/240). Let m(z) = z**3 + 0*z**2 - 4 + 7*z**2 + 3*z**2 - 12*z. Calculate m(b).
7
Let n(v) be the second derivative of -v**5/20 - v**4/2 - v**3/6 - 4*v**2 + v. Let r(o) = -4*o + 6. Let q be r(3). Determine n(q).
-2
Let h(j) = j**2 - j + 1. Let i(o) = 6*o**2 + 7. Let f(c) = -5*h(c) + i(c). Suppose 5*s + 4*v = -15, -6 = -4*s - v - 18. What is f(s)?
-4
Let d(i) = i - 2. Let y be 13/3 - (-26)/39. Calculate d(y).
3
Let n(h) = 82*h - 164. Let u be n(2). Let v(a) be the third derivative of -2*a**2 - 1/24*a**4 + 0 + 1/3*a**3 + u*a. What is v(2)?
0
Let l(c) = c**2 - 5*c - 6. Let o = -19 + 24. Let p be l(o). Let g(z) = 2*z + 0*z + 6 + 0. Give g(p).
-6
Let j(s) be the third derivative of 0 + 3*s**2 + 0*s - 5/6*s**3 - 1/40*s**5 - 1/24*s**4. Let w(d) be the first derivative of j(d). Calculate w(-4).
11
Let q be 0*((-1)/3 - 4/24). Let b(y) = 3 + 0*y + 4*y + q*y + 1 + y**2. What is b(-3)?
1
Let i = 67 - 111. Let o be (-8)/i - 70/22. Let q(r) = -r**2 + 4*r - 9*r + r. Calculate q(o).
3
Let x(u) be the second derivative of 9*u + 0 + 0*u**2 - 2/3*u**3. Calculate x(-1).
4
Let z(m) be the third derivative of m**6/15 + m**4/24 - m**3/3 + m**2 + 53*m. Give z(1).
7
Let t(p) = -2*p**2 - 3*p + 4. Let g be t(-3). Suppose 5*d - 18 = 7. Let o(a) = 9 - d*a**2 - 6 - 5 + 5*a + 6*a**2. Give o(g).
-2
Let o(m) = 2*m + 6. Suppose 0 = -b + 5 - 4. Suppose 3 = -r + q - b, 4*r - 2*q = -18. Give o(r).
-4
Let p(q) be the third derivative of -q**4/24 - 11*q**3/6 + 135*q**2. Calculate p(0).
-11
Let b(x) be the first derivative of x**3/3 - x**2/2 + 5*x + 25. Give b(0).
5
Let m(o) = -o**3 + 2*o**2 - 1. Let u be m(1). Suppose -15 = -5*p - u*p. Let j(w) = 7 + 9 + 10*w**3 - 9*w**p - 5. Determine j(0).
11
Let k(a) = 14*a**3 + 30*a**2 - 10*a + 35. Let x(f) = 5*f**3 + 10*f**2 - 3*f + 12. Let g(c) = 6*k(c) - 17*x(c). Determine g(9).
6
Let w(v) = -2*v**2 + 2 - 34*v + 2*v**3 - 4*v**3 - 7*v**3 + 6*v**3 + 36*v. Give w(2).
-26
Let x = -2 + 3. Let i(t) = -16 - 12 - 15 + 83 - 39 + t. Calculate i(x).
2
Let a(j) = -54 + 0*j - 84 - j + 145. Let l(w) = w**2 + 4*w + 2. Let x be l(-5). What is a(x)?
0
Let h(d) = -2*d - 4. Let s be (-190)/(-14) - ((-12)/14)/2. Suppose 3*r - 2 = -s. Determine h(r).
4
Let k(a) be the third derivative of 7*a**6/720 + a**5/120 + a**4/12 - 2*a**2. Let b(c) be the second derivative of k(c). Let i be ((-9)/3 - -2)*-1. Give b(i).
8
Let u(g) = -2*g + 2. Let s be (-356)/(-14) - (-3)/(-7). Suppose -5*m - 5 = -s. Calculate u(m).
-6
Let u(k) = -57 - 58 - 3*k + 110. Determine u(-6).
13
Let u(n) = 4*n - 10*n + 15 + 0 - 5. Let z(i) = -i + 1. Let m(x) = -u(x) + 3*z(x). Let y be 8/(-14)*(-315)/30. Determine m(y).
11
Let n(o) = 78 + 5*o - 29 - 54. What is n(-7)?
-40
Let s(j) = -j - 1. Let k = 107 + -110. Let r be 2*k*(2 + 5/(-6)). Determine s(r).
6
Suppose -2*o = 2*s + 23 - 77, -s - 5*o + 27 = 0. Let i = 33 - s. Let u(n) = n - 9. Determine u(i).
-3
Let n(k) = -k + 1. Suppose -t = 2*t - 12. Let g be 1/t + (4/(-16))/1. Calculate n(g).
1
Suppose 0 = 2*q - w + 2 - 6, 0 = 3*w - 6. Let n(b) = 166*b**3 - 165*b**q + 3 + 2*b**2 - 2. What is n(-3)?
-8
Let h(l) = l**2 + 5*l - 1. Suppose 17 = -2*v + 3*v + 4*w, 4*v = 2*w + 14. Suppose -g + 0 = -v*z + 1, -2*z = 2. What is h(g)?
5
Let r be 1 - (3/1)/1. Let z be (r + 1)*1*6. Let b(q) = q**2 + 7*q - 2. Determine b(z).
-8
Suppose 4*p = -4*q + p + 189, -129 = -3*q + 2*p. Let a = -38 + q. Let f(k) = -k**2 + 5*k + 9. Calculate f(a).
-5
Let z(k) be the third derivative of -k**5/60 + k**4/6 + 2*k**3/3 + 3*k**2. Suppose -3*d + 7*d - 20 = 0. What is z(d)?
-1
Let p(k) be the third derivative of k**5/120 + 7*k**4/12 - 25*k**3/6 + 10*k**2. Let l(z) be the first derivative of p(z). Determine l(-10).
4
Let p(f) = -2*f**2 - 15*f - 5. Let r be p(-7). Let q(t) = -t**2 - 20*t - r + 41*t - 24*t. Calculate q(-5).
-12
Let d(r) = 3*r. Let q(j) = -3*j. Let f(i) = -6*d(i) - 5*q(i). Let v(t) = 3*t - 14. Let h(o) = -o + 1. Let s(p) = 2*h(p) + v(p). Let a be s(9). What is f(a)?
9
Let p = -2 - -7. Suppose -p*f + l = 13 + 6, -3*f = 5*l + 17. Let i(b) = -2 + 7 - 3*b + 2*b. Determine i(f).
9
Let l = -1743 + 1743. Let d(f) = f**2 - 2*f + 17. Calculate d(l).
17
Let b(s) be the first derivative of -7*s**2/2 - 2*s + 2. Let f be (1/10)/((-316)/(-6320)). Calculate b(f).
-16
Let k(z) = -z**3 - 4*z**2 + 6*z + 2. Suppose 0*g + 5 = g. Suppose -g*x + 121 = -2*y, 0*x = -2*x - 5*y + 60. Suppose 2*v + 3*v + x = 0. What is k(v)?
-3
Suppose -5*x + 10 = 4*n - 59, -5*n - 34 = -3*x. Suppose 1 = -4*b + x. Let l(s) = -1 + 0*s - 3*s**2 + 5*s + s**3 - 2*s. Calculate l(b).
8
Suppose -p + 2*p = 3. Suppose 0 = -m + 2*r - 5, -m + 4*r = -p*m + 22. Let n(f) = -1393*f - 4*f**2 - 1 + f**3 + 1393*f. Determine n(m).
-10
Let n(u) be the second derivative of 1/6*u**4 - 1/720*u**6 + 0*u**2 - 5*u - 1/40*u**5 + 0 + 0*u**3. Let w(o) be the third derivative of n(o). What is w(-6)?
3
Let b(j) = -j**3 - 6*j**2 + 3*j + 2. Suppose -5*o - 46 + 11 = 0. What is b(o)?
30
Let n(p) = -17 + 2 - p + 3 + 3. Calculate n(-6).
-3
Let f(r) = -18*r + 553. Let h be f(31). Let m(c) = 11*c - 10. Give m(h).
-65
Let